(28).
-24
Let a(r) = -4*r**2 - 20*r - 1. Calculate a(-8).
-97
Let t(q) = -q**3 - 4*q**2 - 55*q + 420. What is t(5)?
-80
Let b(h) = 880*h + 721. Calculate b(-1).
-159
Let o(j) = -17264*j - 569709. Determine o(-33).
3
Let g(y) = -147*y + 2424. What is g(17)?
-75
Let p(h) = -h**3 - 30*h**2 - 65*h - 255. Determine p(-28).
-3
Let w(p) = -72*p**3 - 3*p**2 - 15*p + 17. Give w(1).
-73
Let d(m) = 6*m - 216. Give d(36).
0
Let g(a) = 558*a + 1113. Give g(-2).
-3
Let o(p) = -28*p**2 - 98*p + 12. Give o(-4).
-44
Let p(t) = 5*t**2 - 119*t - 253. Give p(-2).
5
Let v(n) = n**3 + n**2 - n + 44. Give v(-8).
-396
Let t(a) = 2*a**2 + 5*a - 573. Calculate t(-17).
-80
Let x(u) = 7*u**3 + 42*u**2 + u + 4. Determine x(-6).
-2
Let l(t) = -37*t - 360. Determine l(-9).
-27
Let s(h) = 242*h + 1916. Give s(-8).
-20
Let m(i) = -2*i**2 + 233*i + 600. Determine m(119).
5
Let d(k) = -5*k + 59. Calculate d(-11).
114
Let b(m) = m**3 - 13*m**2 - 155*m + 1852. What is b(10)?
2
Let i(h) = 60*h - 3265. Calculate i(55).
35
Let x(b) = 2*b**3 + 6*b**2 - 32*b + 9. Determine x(4).
105
Let v(n) = -338*n + 5030. Give v(15).
-40
Let n(j) = -j**3 - 86*j**2 + 89*j + 176. Give n(-87).
2
Let s(j) = j**3 - 37*j**2 + 17*j + 587. Give s(36).
-97
Let d(l) = 45*l - 281. Give d(6).
-11
Let p(l) = -l**2 - 121*l - 2940. Give p(-34).
18
Let h(f) = -4938*f - 9880. Calculate h(-2).
-4
Let g(v) = -27*v + 187. Determine g(19).
-326
Let s(b) = b**3 + 17*b**2 + 72*b + 6. Calculate s(-10).
-14
Let u(y) = -11*y + 164. Give u(13).
21
Let z(q) = 214*q**2 - 307*q + 308. Give z(1).
215
Let a(d) = -42*d - 835. Give a(-20).
5
Let p(f) = f**2 - 4*f - 2. Calculate p(-1).
3
Let c(r) = -r**3 - 12*r**2 - 33*r - 41. What is c(-9)?
13
Let a(u) = 3*u**3 - 60*u**2 + 7*u - 2. What is a(20)?
138
Let m(h) = -h**2 - 2057*h - 12304. What is m(-6)?
2
Let d(h) = -81*h + 980. Give d(13).
-73
Let r(l) = -2907*l**2 + 23258*l - 15. Determine r(8).
1
Let u(i) = -2*i - 10. Determine u(-16).
22
Let d(n) = n**3 - 8*n - 4. Calculate d(-3).
-7
Let n(x) = -40*x + 8. Calculate n(-3).
128
Let i(d) = 5*d**3 + d**2 - 3*d - 21. Calculate i(0).
-21
Let m(j) = 4*j**2 + 16*j - 12. Determine m(-8).
116
Let n(k) = -k**3 + 136*k**2 - 286*k + 2412. Determine n(134).
0
Let u(c) = 2*c**3 + 41*c**2 + 22*c + 43. What is u(-20)?
3
Let z(w) = 77*w - 982. Calculate z(13).
19
Let m(o) = -13*o**2 - 523*o - 106. Calculate m(-40).
14
Let d(n) = -2*n**2 - 54*n - 377. Give d(-15).
-17
Let p(y) = -3*y**3 + 8*y**2 + 32*y - 50. What is p(-3)?
7
Let j(t) = 2*t**2 - 2*t + 17. Calculate j(5).
57
Let y(z) = -10*z**2 - 55*z + 142. Give y(2).
-8
Let i(v) = 4*v**2 + 22*v + 85. What is i(-12)?
397
Let s(q) = -25*q + 78. What is s(5)?
-47
Let r(s) = 65*s**2 - 520*s + 28. What is r(8)?
28
Let q(p) = -4*p**3 + 4*p**2 - 2*p + 51. What is q(-6)?
1071
Let n(v) = 36*v - 294. What is n(10)?
66
Let b(s) = 16*s**2 - 4. Give b(-2).
60
Let g(b) = b - 22. Calculate g(-9).
-31
Let r(q) = 337*q - 3370. What is r(10)?
0
Let v(u) = -8*u**3 - 47*u**2 + 7*u + 5. Determine v(-6).
-1
Let c(a) = a**3 - 2*a**2 - 20*a + 8. What is c(-4)?
-8
Let b(d) = 15*d**3 + d**2 - 5*d - 6. What is b(-2)?
-112
Let y(a) = -4*a**2 - 107*a - 137. Calculate y(-25).
38
Let a(d) = -d**3 + 183*d**2 + 1312*d + 3418. Determine a(190).
-2
Let u(b) = 2*b**3 + 8*b**2 + 137*b + 638. Calculate u(-5).
-97
Let t(c) = 3*c**2 + 7*c - 319. Calculate t(10).
51
Let z(d) = d**2 - 84*d + 327. Determine z(4).
7
Let i(r) = -62*r + 937. What is i(15)?
7
Let b(v) = v**3 + 78*v**2 + 229*v + 297. Determine b(-75).
-3
Let v(a) = 51*a**2 - 6*a + 8. Give v(1).
53
Let n(s) = -s**3 - 21*s**2 + 26*s + 50. Calculate n(-22).
-38
Let v(u) = -229*u + 5724. Calculate v(25).
-1
Let q(c) = -34*c + 472. What is q(22)?
-276
Let y(v) = 2*v - 135. What is y(61)?
-13
Let k(m) = -2*m**3 - 73*m**2 - 165*m + 169. Determine k(-34).
-1
Let f(r) = -r**2 - 607*r + 1824. What is f(3)?
-6
Let u(r) = 3*r - 74. Determine u(34).
28
Let s(f) = -12*f + 208. What is s(10)?
88
Let m(s) = -5165*s + 41325. Calculate m(8).
5
Let q(r) = 2*r**3 - 33*r**2 - 64*r - 13. Determine q(-2).
-33
Let h(m) = -34*m**2 - 304*m + 30. Determine h(-9).
12
Let r(y) = -4*y**2 - 90*y - 477. What is r(-7)?
-43
Let u(v) = v**3 - 12*v**2 + 49*v - 12. What is u(5)?
58
Let i(q) = q**3 + 167*q**2 - 7*q - 1237. Give i(-167).
-68
Let c(y) = y**3 - 6*y**2 - 24*y + 29. Calculate c(10).
189
Let h(j) = 124*j**2 + 5*j + 5. Calculate h(-1).
124
Let c(p) = -p**2 - 84*p - 462. What is c(-78)?
6
Let d(g) = -8*g + 259. Give d(14).
147
Let v(j) = 38*j**2 + 381*j + 1. Determine v(-10).
-9
Let n(t) = -179*t + 2133. Give n(12).
-15
Let t(k) = 1742*k - 8712. Calculate t(5).
-2
Let r(q) = 7*q**3 - 469*q**2 - 23*q + 1537. What is r(67)?
-4
Let i(v) = 7*v**2 + 711*v - 1013. Determine i(-103).
17
Let m(w) = w**3 - 73*w**2 - 394*w + 340. Determine m(78).
28
Let l(o) = -17417*o - 69664. What is l(-4)?
4
Let g(d) = -d**3 + 15*d**2 - 58*d + 867. Give g(15).
-3
Let u(a) = -548*a + 7111. What is u(13)?
-13
Let g(o) = -4*o + 162. Give g(49).
-34
Let o(d) = 2*d**2 + 76*d - 277. What is o(-41)?
-31
Let t(v) = 4*v + 60. Give t(-19).
-16
Let b(d) = 4*d**3 + 728*d**2 + 720*d - 673. What is b(-181)?
51
Let n(r) = -r**2 + 3708*r - 3706. Calculate n(1).
1
Let v(n) = 15*n - 475. What is v(47)?
230
Let m(l) = -86*l - 389. What is m(-12)?
643
Let r(w) = 36*w**2 + 23*w - 31. Give r(2).
159
Let s(f) = f**2 - 8*f + 21. Give s(4).
5
Let u(r) = 749*r - 4508. Calculate u(6).
-14
Let g(t) = t**2 + 91*t - 386. Calculate g(4).
-6
Let g(o) = 41*o - 5622. What is g(138)?
36
Let x(v) = v**3 + 55*v**2 + 56*v - 36. Give x(-54).
-144
Let r(j) = -4*j**2 + 191*j + 52. Calculate r(48).
4
Let j(c) = 763*c - 22140. Give j(29).
-13
Let g(l) = -186*l - 20286. Calculate g(-109).
-12
Let w(p) = -3*p**3 + 8*p**2 + p - 7. Give w(2).
3
Let q(w) = w**2 + 443*w + 2633. Determine q(-6).
11
Let a(c) = 25*c**2 - 140*c - 6. Determine a(8).
474
Let d(x) = -1544*x**2 - 4634*x - 6. Give d(-3).
0
Let i(f) = -f**2 - 7*f - 10. Give i(-7).
-10
Let c(d) = 4*d**3 - d**2 - 6*d. Give c(2).
16
Let v(m) = m**3 - 31*m**2 - 31. Determine v(31).
-31
Let h(s) = 5293*s - 259359. Give h(49).
-2
Let z(o) = 4*o**3 + 143*o**2 - 37*o - 42. Determine z(-36).
-6
Let a(q) = q**2 + 77*q - 2758. Calculate a(-103).
-80
Let l(k) = 102*k - 138. Determine l(5).
372
Let x(n) = -1077*n - 4315. Determine x(-4).
-7
Let s(b) = b**3 - 35*b**2 - 42*b + 196. Give s(36).
-20
Let a(t) = 2*t + 96. Calculate a(13).
122
Let d(x) = -9*x - 281. Give d(-33).
16
Let d(m) = 387*m + 4892. Give d(-13).
-139
Let t(f) = 6*f**2 + 7*f + 126. Calculate t(-6).
300
Let f(v) = v**3 - 20*v**2 + 2*v + 99. Calculate f(8).
-653
Let q(z) = -2*z**3 - 16*z**2 - 44*z - 42. What is q(-2)?
-2
Let g(i) = -23*i - 189. Give g(-18).
225
Let j(f) = 2*f**2 - 563*f - 6432. Give j(-11).
3
Let d(f) = 8373*f + 100474. Give d(-12).
-2
Let k(f) = 108*f + 4205. Determine k(-39).
-7
Let i(f) = 118*f - 4486. What is i(38)?
-2
Let r(c) = c**3 - 5*c**2 - 61*c + 29. Calculate r(7).
-300
Let q(r) = -30*r + 25. Give q(2).
-35
Let n(v) = 9*v**2 + 69*v + 3. Give n(-13).
627
Let m(s) = 293*s - 14854. What is m(51)?
89
Let p(q) = 29*q**2 + 204*q - 612. Determine p(3).
261
Let t(k) = -68*k**3 - 338*k**2 + 8*k - 14. Determine t(-5).
-4
Let q(y) = y**3 - 10*y**2 + 10*y - 8. What is q(9)?
1
Let f(y) = -y**3 - 3*y**2 - 37*y - 31. Give f(-1).
4
Let n(q) = q**3 - 8*q**2 + 12*q - 42. Calculate n(7).
-7
Let a(u) = 20*u**2 - 16*u - 32. Determine a(-2).
80
Let m(c) = -9*c**2 - 848*c - 204. Determine m(-94).
-16
Let s(q) = 72*q + 640. Determine s(-9).
-8
Let g(h) = 3*h**3 + 8*h**2 + 12*h + 29. Determine g(-3).
-16
Let r(i) = -682*i + 24493. What is r(36)?
-59
Let n(d) = -10*d**2 + 1041*d - 90. Determine n(104).
14
Let g(n) = -132*n + 338. Calculate g(-3).
734
Let h(k) = -118*k + 532. Give h(3).
178
Let h(z) = -2*z**2 + 190*z - 2402. Determine h(15).
-2
Let u(r) = -551*r + 741. Determine u(2).
-361
Let m(u) = 3*u**2 + 11*u - 1. Determine m(-5).
19
Let i(h) = -3*h**2 - 8*h + 391. Determine i(11).
-60
Let x(f) = -990*f + 12867. Calculate x(13).
-3
Let c(r) = -36*r - 848. Determine c(-15).
-308
Let d(l) = -l**3 + 26*l**2 - 61*l + 384. What is d(24)?
72
Let u(y) = -y**3 - 13*y**2 + 72*y - 22. Calculate u(4).
-6
Let d(q) = 1415*q - 4249. Give d(3).
-4
Let j(o) = -o**3 - 138*o**2 +